hat is the units digit of j?
1
Let v = -2 - -1. What is the tens digit of v + -2 - (-24 - -3)?
1
Let d(u) = u**3 + 5*u**2 + 3*u + 2. Let k be d(-4). Let n be 266/(-18) - k/27. Let r = 25 + n. What is the units digit of r?
0
Suppose 2*d = 2*b - b - 5, 3*b = -5*d + 26. What is the units digit of (2/b)/(6/42)?
2
Suppose c - 10 = t, -3*c - t = -0*t - 10. Suppose -3*a = -6, 3*b + c*a = b. What is the units digit of (14/(-6))/(b/45)?
1
Let k = -15 - -16. What is the units digit of k?
1
Let n be (2/(-2) + 2)*4. Let c(s) be the second derivative of -s**4/12 + 2*s**3/3 + 3*s**2/2 + s. What is the units digit of c(n)?
3
Suppose 7*y = 74 + 346. What is the units digit of y?
0
Suppose 2*r - 128 + 0 = -5*c, -5*c + 129 = r. What is the tens digit of c?
2
Suppose -3*j - 416 = 2*h - 1096, -4*h = 4*j - 904. What is the units digit of (-6)/(-39) - j/(-39)?
6
Let l(k) = k**3 + 4*k**2 - 4*k + 3. What is the tens digit of l(-4)?
1
Let v = 0 + 162. Suppose 4*i = -2*k + v, 4*i + 3*k = -59 + 224. What is the tens digit of i?
3
Let m(j) = j**3 - 9*j**2 - 11*j. Let b be m(10). What is the units digit of ((-72)/(-4))/((-4)/b)?
5
Let p be -1*3*(2 - 3). Let i = p - -7. What is the tens digit of i?
1
Suppose -230 = -3*o - 20. Suppose -4*l + d = -64, -4*l - 2 = -2*d - o. What is the units digit of l?
5
Suppose -5*y = -15 - 10. Suppose -4 = -y*p + 6. What is the units digit of p?
2
Let o = 14 - 20. Let i(t) = 13 + t**2 + 42*t - 6 - 21*t - 15*t. What is the units digit of i(o)?
7
Let k be 1/(1 + 0 + -2). What is the tens digit of k/8 + (-1805)/(-40)?
4
Let p(o) = o**2 - 3*o + 3. Let r = -7 + 11. What is the units digit of p(r)?
7
Let v = 9 + -5. Let q(a) = 12 - 3*a + 2*a + v. What is the units digit of q(8)?
8
Let m = 9 - 8. Let d(i) = 2*i**2 - 2*i + 1. Let h be d(m). What is the units digit of (h*2)/(-1 - -2)?
2
Let a(m) = m**2 + 2*m + 15. What is the units digit of a(6)?
3
Let t(g) = -19*g - 2. Suppose -4*b - 14 = 6. Let y be t(b). What is the units digit of y/12 + 6/(-8)?
7
Let q be -1*2*(-20)/8. Suppose -q = -r + 1. What is the units digit of r?
6
Suppose 5*r + 2*x + 3*x - 125 = 0, -2*r + 50 = -4*x. What is the tens digit of r?
2
Let x(y) = -3*y - 3. Let l be x(-2). Suppose -l*c + 24 = 9. What is the units digit of c?
5
Suppose -14*a + 1404 + 402 = 0. What is the tens digit of a?
2
Let i = -8 + 14. Suppose 24 = i*d - 4*d. What is the tens digit of d?
1
What is the units digit of (72/20)/(3/165)?
8
Let i(p) = p**3 + 9*p**2 + 8*p + 3. Let n be i(-8). Suppose -21 = n*q - 81. What is the tens digit of q?
2
Let w = -14 + 23. Let f = -4 + w. Suppose -4*d + 11*g + 17 = 6*g, 1 = 2*d + f*g. What is the units digit of d?
3
Suppose -245 = -3*c + 175. What is the units digit of c?
0
Let l(f) = 2*f. Let m be l(1). Let p be (-6)/(-15) - (-156)/10. Suppose 0*u - p = -m*u. What is the units digit of u?
8
Suppose 2*h - 5*h + 15 = -z, -2*z + h = 15. What is the tens digit of 138/9 - 4/z?
1
Let h(b) = -b + 9. Let z = 4 - -4. What is the units digit of h(z)?
1
What is the tens digit of 30/120 - 3/((-12)/683)?
7
Let i(j) = 3*j**2 + 6*j - 7. What is the tens digit of i(-5)?
3
Let n(t) = 2*t**2 + 4*t - 2. Let c be n(-4). Let v = -6 + c. What is the units digit of v?
8
Suppose 0 = -2*g + g - 10. Let z(b) = b**2 + 8*b - 2. What is the tens digit of z(g)?
1
Suppose 4*v = -h + 5, 2*h + v + 17 + 1 = 0. What is the tens digit of (-6 + 1)/(1/h)?
5
Let j = 0 - -6. Suppose 0 = -j*y + 3*y + 12. Suppose o = y*o - 6. What is the units digit of o?
2
Let f be ((-30)/4)/(6/(-8)). Let t(w) = -w - 3. Let u be t(-9). Suppose -4*p + f + u = 0. What is the units digit of p?
4
Let y(b) = -3*b - 9. Let w(j) = 8*j + 27. Let g(n) = 4*w(n) + 11*y(n). What is the units digit of g(-7)?
6
Let o(r) = -r**2 - 9*r + 10. Let d = 10 - 18. Let i be o(d). Let n = i + -10. What is the units digit of n?
8
Let g(v) = v + 14. Let p be g(-8). Let b be (3/p - 1)*12. What is the units digit of 1*9/b*-6?
9
Let t = 5 - 5. Suppose 3*v - 196 - 17 = t. Suppose -4*i + v = 19. What is the units digit of i?
3
What is the tens digit of 2/(-9) - ((-6600)/54 - 1)?
2
Let x(w) = w + 5. Let z be x(-4). Suppose -m = -5 + z. What is the units digit of m?
4
Suppose 0 = 2*g - 0*g - 24. Suppose g = 3*v + 4*h, v = 4*h - 0 + 4. Suppose -v*s + 0*s = -52. What is the tens digit of s?
1
Let d be (20/(-25))/(3/(-15)). Suppose -4*u = -d*g - 20, u - 3*g - 3 = -0*u. What is the units digit of u?
6
Suppose -2*a - 2*a = 8. What is the units digit of (-15)/1*a/6?
5
Let a = -97 + 178. What is the units digit of a?
1
Let y be (-4)/(-2)*-2*3. Let o = -9 - y. What is the units digit of o?
3
Let o(z) = -6*z**3 + 4*z**2 + 3*z. What is the tens digit of o(-2)?
5
Let v = -124 + 237. What is the units digit of v?
3
Let q(z) = 6*z**2 - z + 21. What is the hundreds digit of q(-5)?
1
Let c = 18 - 8. Suppose d = -3*d + 8. Suppose d + c = 4*s. What is the units digit of s?
3
Let w = -2 + 11. Let j(q) = q**2 - 8*q - 6. Let y be j(w). What is the units digit of y*3 - (-1 - -1)?
9
Let q = -110 - -74. Let s = 78 + q. Suppose -14 = -4*u + s. What is the units digit of u?
4
Let i(j) = j + 2. Let o be i(9). Let b = o - 8. Suppose 0 = b*q + 3 - 18. What is the units digit of q?
5
Let p = 32 - 23. What is the units digit of p?
9
Let c = 6 - 4. Suppose -2*k = -5*l + 21, -5*k - 4*l + 32 = 2. Let w = c + k. What is the units digit of w?
4
Let k(y) be the second derivative of 5*y**3/3 - y**2/2 - 2*y. Suppose -5*r = -6 + 1. What is the units digit of k(r)?
9
Suppose 0 = -4*x - 0*x + 104. What is the units digit of x?
6
Let o = -17 + 27. What is the units digit of o?
0
Suppose -3*n + 2*s + 128 = 34, -62 = -2*n + s. Let g be (-2)/(3/n + 0). Let k = -10 - g. What is the units digit of k?
0
Let l(h) be the first derivative of h**4/4 - 2*h**3 - 7*h**2/2 + 10*h - 1. Let p be l(7). Suppose 4*n - 2*n - p = 0. What is the units digit of n?
5
Suppose 2*t - t - 425 = -5*n, -4*t = 0. What is the tens digit of n?
8
Suppose -195 = c + 201. What is the units digit of c/(-30) + (-1)/5?
3
Suppose -1005 + 85 = -10*a. What is the units digit of a?
2
What is the units digit of ((-51)/2)/(3/(-18))?
3
Let t = 103 + -49. What is the units digit of t?
4
Suppose 96 = c + c. What is the units digit of ((-12)/(-8))/(9/c)?
8
Suppose -4*m - 102 = -266. What is the tens digit of m?
4
Let q be (-1432)/(-36) - (-4)/18. Let x = q + -14. What is the units digit of x?
6
What is the hundreds digit of -4*1 - (-6 - 214)?
2
Suppose 11 = 2*k - 9. Suppose -9*z + 11*z - k = 0. What is the units digit of z?
5
Suppose -3*y - 4 = -4*y. Suppose y*w - 9 = -z + 2*w, -2*z + 3*w + 4 = 0. Suppose 0 = -f + z*f - 24. What is the units digit of f?
6
Let a = -13 - -6. Let b = a - -11. What is the units digit of b?
4
Suppose 5*c = -5*h - 145, 2*h - 6*h = -5*c + 143. Let z = h - -50. What is the units digit of z?
8
Suppose 6 = -2*y + 2*k, 2 = k - 1. Let r be y + (-2 - (0 + 1)). Let a = -2 - r. What is the units digit of a?
1
Let x(k) be the third derivative of k**6/120 + k**5/12 - k**4/8 - 2*k**2. What is the tens digit of x(-5)?
1
Let y(q) = q**2 - 4*q. Let k be y(4). Suppose k = o + 3*o - 44. What is the tens digit of o?
1
Let b be 4/10 + 39/15. Let u = 3 - b. Suppose 0 = -m + 4, -g + u*m + 4*m = 12. What is the units digit of g?
4
Let h(s) = -3*s**2 + 5*s**2 - 3*s**2 + 2*s**3 + 1. Let k be h(-1). What is the units digit of 2/(k/(-7 + 1))?
6
Let p(g) = -6*g. Let r be 0 + (-1 - -2)*-3. What is the units digit of p(r)?
8
Let g = 193 + -83. What is the tens digit of g?
1
Suppose -2*z - 3*z + 465 = 0. What is the units digit of z?
3
Let b(u) = 11*u. Let n be b(3). Let z = -15 + n. What is the units digit of z?
8
Let g(q) = -q**3 + 3*q**2 + 5*q - 8. Let x(k) = k**2 - k + 1. Suppose 2*b + 3 = 5. Let d(l) = b*g(l) + 4*x(l). What is the units digit of d(7)?
3
Suppose -4*a + 5*q - 13 + 4 = 0, 0 = 3*a + 3*q + 27. Let c = a + 17. What is the tens digit of c?
1
Suppose 0 = -5*b - 0*b - 3*s + 11, 5*b + s = 17. Let v be ((-20)/8)/((-1)/2). Suppose -v*r = -r - b. What is the units digit of r?
1
Suppose 4*u - 104 = -5*l, -2*l - 12 = -4. Suppose 0 = -2*n + n + 2*x + u, 110 = 5*n - x. What is the tens digit of n?
2
Let y = 4 - 0. What is the units digit of (-3)/y*-4 + 17?
0
Let i(x) = -3*x**3 - 8*x**2 + 3. What is the units digit of i(-6)?
3
Let s(p) = 46*p - 